List the prime factors of 314 + 5314 + (1 - -1) + -1.
13, 433
Let x = 71 + -62. Suppose 2*m - l = 392, -392 = -2*m - x*l + 12*l. What are the prime factors of m?
2, 7
Let m(i) = -3*i + 137. Let t be m(47). What are the prime factors of ((-3 - -4) + -168)*(t - 1)?
5, 167
Let p(y) = -2*y**3 - 3*y**2 + 11*y - 6. Let k be 15/(-3 + 1/(2/9)). Let a be ((-15)/(-6))/(-3 - k/(-4)). List the prime factors of p(a).
2, 3, 19
Let y be (3 - 5 - 0)/(4/(-6)). Suppose 15 = -y*w, -p - 5*w - 3 = 24. Let f(a) = -31*a**3 + 2*a**2 + 2*a + 1. List the prime factors of f(p).
11, 23
Let m = -15736 - -33939. What are the prime factors of m?
109, 167
Let l be 568/20 + -4 + 10/(-25). Suppose -l*o + 135 = -15*o. List the prime factors of o.
3, 5
Suppose -37870 = -16*i + 44146. What are the prime factors of i?
2, 11, 233
Suppose 55*o = 52*o + 1398. Let l = o - -649. List the prime factors of l.
5, 223
Let n(h) be the second derivative of h**5/20 - 11*h**4/12 + 2*h**3/3 + 7*h**2 + 162*h. What are the prime factors of n(11)?
2, 29
Suppose 2*v = k + 3020, -131*k = -4*v - 135*k + 6016. What are the prime factors of v?
2, 13, 29
Suppose -4*r + 3 - 2 = -k, k - 5 = -2*r. Suppose -4*j - 588 + 3738 = -3*w, k*w = 2*j - 1572. What are the prime factors of j?
3, 263
Suppose -5*k - 14 = 2*t + 10, t + 4*k + 12 = 0. Let n be (-3 - (-34)/4)*t/(-1). Suppose 5*q - n = -q. What are the prime factors of q?
11
Let w = -541 - -2158. What are the prime factors of w?
3, 7, 11
Let d(a) = -4*a**3 - 44*a**2 - 12*a + 27. What are the prime factors of d(-15)?
3, 47
Let k(c) = 12*c + 43. Let x be 12/20 - 1224/(-60). List the prime factors of k(x).
5, 59
Let y(a) = 2*a**2 + a - 7. Let v be y(2). Suppose 2*g = -v*g + 45. Let h = g + 59. List the prime factors of h.
2, 17
Suppose -2*x + h = 76 - 58, 4*h = -x - 9. Suppose -4*f = -5*f, -5*l - 4*f - 645 = 0. What are the prime factors of (l/x + 8)*(-9)/(-1)?
3, 67
Suppose -823*u + 819*u = -5*f - 151242, -5*u - 5*f + 188985 = 0. List the prime factors of u.
3, 12601
Suppose -58*z + 77733 = -74749. List the prime factors of z.
11, 239
Let l(s) = -4*s**3 - 57*s**2 + 36*s + 1051. What are the prime factors of l(-29)?
2, 3, 919
Let a be (-895 - -6)/(-7) + -1. Suppose 9*m + a = 16*m. What are the prime factors of m?
2, 3
Let j(p) = -4*p**2. Let h be j(1). Suppose 2 = -19*r + 18*r. What are the prime factors of (45 - r - 0)*h/(-4)?
47
Suppose g + 3*i = -2 + 22, -3*i - 60 = -3*g. Let c = 20 - g. Suppose c = 7*u - 123 - 304. List the prime factors of u.
61
Suppose 10870*p + 917794 = 10885*p + 239224. What are the prime factors of p?
2, 22619
Suppose -9*j = -4*j - 10. Let s(v) = 45*v**2 + 13*v + 8*v**j + 14 - 6*v. List the prime factors of s(-2).
2, 53
Let u be 1116/14 - (-2)/7. Let q be -23 + 13 + 130 + (5 - 0). Let t = q - u. List the prime factors of t.
3, 5
Suppose -408603 - 470382 = -17*v. List the prime factors of v.
3, 5, 383
Suppose p - 3 - 10 = 2*z, -3*p - 4*z = 11. Suppose -p*a = -m - 1867, -2*m + 2 = -8. List the prime factors of a.
2, 3, 13
Let u be ((4/6)/((-2)/(-3)))/(12/(-612)). Let q be -2 + (2/2 - -169). Let f = u + q. List the prime factors of f.
3, 13
Suppose -m = 3*k - 6, -19 - 5 = -4*k + 4*m. Let q(a) = 12*a**2 + 4*a + 1. Let t be q(k). Suppose 7*y = -t + 324. List the prime factors of y.
29
Let l be 94 - -3 - (12 + -4). Suppose -2*z = -0*z - 134. Let k = l + z. What are the prime factors of k?
2, 3, 13
Let o = 5154 - 3382. What are the prime factors of o?
2, 443
Let k(y) = 96*y**2 + 43*y + 12. What are the prime factors of k(-4)?
2, 43
Suppose -30*i = -5*x - 25*i + 113540, 3*x - 68096 = -4*i. Suppose 11*l - 35*l = -x. List the prime factors of l.
2, 11, 43
Suppose -12*a + 48404 + 95758 = -27534. List the prime factors of a.
2, 7, 73
Suppose 0 = 3*i + 120 - 1314. Suppose m + i = 1192. What are the prime factors of m?
2, 397
Suppose 143*a - 149*a = -3036. List the prime factors of a.
2, 11, 23
Suppose 6 = 16*c - 19*c. Let a be 1 + -2 + (c - -1) + 0. List the prime factors of (0 - a) + 40 + 5.
47
Suppose 28 - 13 = -5*v. List the prime factors of (((-356)/v)/2)/(6/9).
89
Let l be 4*(10/4)/(-5) - 0. Let g be ((-830)/(-6))/(3/(-9)) - l. Let h = -253 - g. What are the prime factors of h?
2, 5
Suppose -8007*n + 8071*n - 2402176 = 0. List the prime factors of n.
2, 7, 383
Let n = -47692 + 70771. What are the prime factors of n?
3, 7, 157
Let b = -6804 - -21120. List the prime factors of b/16 + (-10)/(-40).
5, 179
Let t = 741 - 689. List the prime factors of (-1 - 2857)*t/(-104).
1429
Suppose 3*q - 73 + 195 = 4*l, -2*q - 72 = -5*l. Let a be (-3)/4 + -2*q/16. Suppose a*c + 321 = 2*d - 0*c, 5*c = -5*d + 750. List the prime factors of d.
3, 17
Suppose 7*d + 3025 = 5*l + 2*d, 0 = -l + 4*d + 593. Suppose 0 = 31*j - 8*j - 184. Suppose j*m - l = 447. List the prime factors of m.
2, 3, 11
Let h(x) = x**2 - 10*x + 9. Let i be h(9). Suppose 3*u + i*u - f - 185 = 0, -193 = -3*u + 5*f. Let q = u + 11. What are the prime factors of q?
2, 3
Let a(d) = d**3 + 9*d**2 + 7*d - 8. Let w be a(-8). Suppose w = -n - 16 + 21. Suppose n*y - 126 = -l, -420 = l - 5*l + y. What are the prime factors of l?
2, 53
Let i be 2/3*-6*54/24. Let y(q) = q**3 + 18*q**2 + 13*q - 21. List the prime factors of y(i).
3, 197
Let s(j) = 166*j - 119*j - 144*j + 18. Let r be s(-4). Suppose -f + 8*f = r. List the prime factors of f.
2, 29
Let z(v) be the first derivative of -9*v**4/2 - 4*v**3/3 - 4*v**2 - 8*v - 126. List the prime factors of z(-3).
2, 233
Let k = 76702 + 17994. What are the prime factors of k?
2, 7, 19, 89
Suppose 17*g = 16533 - 1199. Let x = g + -470. List the prime factors of x.
2, 3
Suppose 4*d - h = 18999, -39*d + 14243 = -36*d - 2*h. List the prime factors of d.
4751
What are the prime factors of ((42/(-12))/((-1)/2522))/1?
7, 13, 97
Let g = 76168 - 11254. Let t be (2/(-6))/(6 - g/10818). Suppose t = 14*y - 365. List the prime factors of y.
3, 23
Let g(c) = c - 11. Let j be g(2). Let n be 15/j - 2/6. List the prime factors of 4 + 4/(-4 - n).
2
Suppose 49*z - 13392 = 18*z. Let m = z + 414. What are the prime factors of m?
2, 3, 47
Let j be 9 + 3 + (-18)/3. What are the prime factors of ((-671)/2)/(-11)*j?
3, 61
Suppose 7*m + 21 = 10*m. Suppose 0 = 2*f - m*f - 2480. What are the prime factors of (6/4)/((-12)/f)?
2, 31
Suppose 228*i - 26*i - 3292718 = 371764. What are the prime factors of i?
3, 6047
Suppose 123*v + 283232 = 176*v. List the prime factors of v.
2, 167
Suppose 49*k - 3*o - 26721 = 44*k, 5333 = k + 5*o. What are the prime factors of k?
3, 13, 137
Let u(l) = -l**2 - 12*l + 37. Let x be u(-13). Suppose 27170 = x*y + 2*y. What are the prime factors of y?
5, 11, 19
Let g be (-12)/18 - 2395/3. Let r = 1174 + g. What are the prime factors of ((-7)/((-35)/r))/1?
3, 5
Let q be 4284 + 3*(10 + -7). Suppose 46*k - q = 43*k. List the prime factors of k.
3, 53
Let h(p) = -2*p**2 + p + 21. Let q(u) = -u**2 + 20. Let m(z) = -3*h(z) + 2*q(z). What are the prime factors of m(9)?
2, 137
Let l = 59 + -55. Suppose 5 = -10*s + 11*s - l*f, s = -3*f + 19. List the prime factors of s.
13
Let v = -24244 + 38083. List the prime factors of v.
3, 7, 659
Let r = 65 - 37. Suppose d + r = 2*l, 0 = -d - 0*d. Suppose -3*v = -2*s - 5*v + l, 3*s = -2*v + 25. What are the prime factors of s?
11
Suppose 191 = 4*r + 3*c, 46 = r - 0*c - c. Let w = r + 145. Let s = w - 40. List the prime factors of s.
2, 19
Suppose 102*s - 861616 - 1312739 = -272769. List the prime factors of s.
103, 181
Let k = 14093 - 3529. List the prime factors of k.
2, 19, 139
Suppose -16*a = -2459 - 7845. What are the prime factors of a?
2, 7, 23
Let u(k) = 2918*k**2 - 25*k - 46. Let z be u(-2). Suppose z = -28*w + 56588. What are the prime factors of w?
2, 401
Suppose 0 = u + 4*p - 4680, p + 9336 = 2*u - 3*p. Suppose -244*c + 236*c = -u. List the prime factors of c.
2, 73
Suppose 2*u - 6*u + 5*h = 45, 0 = -3*h + 15. Let p = u - -6. Let x = 92 - p. What are the prime factors of x?
7, 13
List the prime factors of ((-3076)/(-20))/((-10)/(-50))*7.
7, 769
Suppose -9101383 = -369*u - 28*u + 1849465. What are the prime factors of u?
2, 431
Let h = 303 - 311. What are the prime factors of -6*(-6 + 1516/h)?
3, 17, 23
Let x = 78 - 78. Suppose x = -46*u + 47*u - 435. What are the prime factors of u?
3, 5, 29
Let u = 166038 + -80702. What are